69 = 87*a - 26638. What is the tens digit of a?
6
Let p(l) = l**3 - l**2 - 7*l + 12. Let n(r) = -2*r + 3. Let i(k) = 9*n(k) - 2*p(k). Let m be i(2). Let s = m - -38. What is the units digit of s?
5
Suppose -2*y - 4*n + 5 = -7, -4*y = 2*n. Let z(d) = -3*d - 3. What is the units digit of z(y)?
3
Suppose -h = 5*r - 287, 6*h - h - 1377 = 4*r. What is the hundreds digit of h?
2
Suppose 4*h - 98 = 3*y - 0*y, -y = -2*h + 30. What is the tens digit of (-1235)/y + (-6)/4?
3
Let o(z) = -3*z**3 + 9*z**2 + 6*z - 26. What is the units digit of o(-5)?
4
Let l(o) = o**3 + 14*o**2 - 22*o + 26. Let t be l(-15). Let d(x) = 25*x**2 + 4*x + 2. Let j be d(-2). Let b = t - j. What is the units digit of b?
7
Suppose 1724 = -0*s + 2*s - 4*l, l = 4*s - 3413. Suppose -2*r - 4*r = -s. What is the units digit of r?
2
Suppose -r + 1 = 9. Let h = r + 45. What is the tens digit of h?
3
Let h(a) = 13*a**2 - 28*a + 35. What is the thousands digit of h(12)?
1
Let w(g) = g + 7. Let t be w(3). What is the units digit of (-6)/t + ((-13960)/(-25))/4?
9
Let q(o) = -65*o**2 - 4 + 28*o**2 + 7*o + 38*o**2. Suppose 5*a + y + 42 = 0, 4*a + 0*y + 22 = 5*y. What is the units digit of q(a)?
4
Let x = 44 - 40. Suppose 3*c - x*z - 501 = -208, 2*c - 202 = 4*z. What is the tens digit of c?
9
Let t = -128 - -222. Let h = 158 - t. What is the tens digit of h?
6
Let m(r) = -4*r**3 - 28*r**2 + 22*r - 30. Let f(w) = 3*w**3 + 19*w**2 - 15*w + 20. Let h(g) = -7*f(g) - 5*m(g). What is the tens digit of h(5)?
3
Suppose 2*p - 2*k - 38 = p, 0 = -4*p - k + 188. Let m = 72 - p. What is the units digit of m?
6
Let g = -85 + 89. What is the hundreds digit of -2 + (-2)/g*-294?
1
Suppose -4*n = -236 + 32. Let u = 1 + n. What is the tens digit of u?
5
Suppose -y = 4*z - 4063, 2*z - y + 0*y = 2039. What is the tens digit of z?
1
Suppose -6 = 5*k - 16. Let n = 70 + -42. Suppose -k*a = -n - 34. What is the tens digit of a?
3
Let h = 18 - 13. Suppose h = v, 8*r = 4*r - 3*v + 267. What is the tens digit of r?
6
Suppose 21*w - 14044 = 82892. What is the tens digit of w?
1
Let j(m) = m**2 + 2 + 57*m - 62*m + 4. Let x be j(7). Suppose 0 = -g - l + 10 + x, 3*g - 60 = 3*l. What is the tens digit of g?
2
Suppose -g + 15 = 2*g. Suppose r + 204 = g*r. What is the tens digit of r?
5
Let s = -310 - -580. What is the units digit of s?
0
Let h be 0/(-2) + (-6 - -1). Let k be -5*(1 + 11/h). Suppose 4*q - k = q, q - 30 = -w. What is the tens digit of w?
2
Let n = -192 - -525. What is the tens digit of n?
3
Let v be (-1)/2*8606/(-13). Suppose -3*g = -4*u - 299, -2*u - v = -4*g + 81. What is the units digit of g?
5
Suppose q - 14 = 10. Let k = -19 + q. Suppose 0*v - 5*v - 3*s + 14 = 0, -k*v + s = -22. What is the units digit of v?
4
Suppose 2*l - 5*q = l - 10, -l - q + 8 = 0. Suppose 2*x - 2*n = 112, -n + 122 = 2*x - l*n. What is the tens digit of x?
5
Suppose 3*x - o = 1180, x + 0*o = 4*o + 375. What is the hundreds digit of x?
3
Let h(s) = s + 7. Let k be h(-4). Suppose -5*q = -k*l - q + 130, 2*l = -2*q + 96. What is the units digit of l?
6
Let p be (-2)/(-2)*5/1. Let v be 60/80 + 0 + 2235/12. Suppose p*f - 3*d = d + v, f - 23 = -4*d. What is the tens digit of f?
3
Let m be -18 + 3/1 + -3. Let q = m - -68. What is the tens digit of q?
5
Suppose 3*p + 6 = 6*p. What is the units digit of p + 0/(4 + 0)?
2
Let o(b) = -68*b**3 - 3*b**2 - 8*b - 22. What is the hundreds digit of o(-2)?
5
Suppose -27*d = -19*d - 6240. What is the hundreds digit of d?
7
Let c(z) = -66*z + 55. Let l(p) = -p + 1. Let k(m) = c(m) - 55*l(m). What is the units digit of k(-5)?
5
Let r(m) = 587*m + 333. What is the hundreds digit of r(5)?
2
Suppose 5*x + 4 - 19 = 0. Suppose -170 = -x*s - m, -4*m + 300 = 5*s + m. Let c = s + -21. What is the tens digit of c?
3
Suppose -4*d - 120 - 564 = -4*a, 687 = 4*a - d. What is the tens digit of a?
7
Let f = -36 + 41. Suppose 3 = -f*n + 63. What is the units digit of (-6)/9 + 800/n?
6
Suppose 7*h - 24 = 4*h. Suppose -h - 16 = -8*a. What is the units digit of a?
3
Suppose 2*r + 12 = 6*r. Suppose -7*w + 352 = -r*w. What is the tens digit of w?
8
Suppose a + 22 = -0*a. Let t be (-4)/a - (-112)/(-11). Let u(h) = -2*h - 2. What is the tens digit of u(t)?
1
Let i(t) = -t**2 + 17*t - 15. Let q be i(16). Let u be q + (-3 - 1) - -2. Let m = u - -5. What is the units digit of m?
4
Suppose -4*l - o = -9*l + 138, 0 = -3*l - 3*o + 72. Let k = l - 9. What is the units digit of 18/7*84/k?
2
Let a = 24 + -21. Suppose -5*g + 555 = -y, a*y = 3*g - 84 - 249. What is the units digit of g?
1
Let l(t) = 55*t**2 + 11*t + 43. What is the tens digit of l(-3)?
0
Let q(v) = v**3 + 9*v**2 - 13*v - 12. Let s be q(-10). Let g = 17 - 10. Let n = s - g. What is the tens digit of n?
1
What is the tens digit of ((7/1)/(-7))/((-1)/50)?
5
Suppose 2 = -2*s + 6. Suppose 0 = -s*d + 4*d - 58. What is the units digit of d?
9
Let n(w) = 2*w**3 - 102*w**2 - 28*w + 36. What is the tens digit of n(52)?
8
Let b = 6 + -9. Let v be (2 - (5 + b))/4. Suppose 5*m = 2*r + 127, 3*r + v*r - 12 = 0. What is the units digit of m?
7
Let r(n) = -71*n**3 - 6*n**2 - 21*n + 8. What is the hundreds digit of r(-3)?
9
Let w = -5 - -7. Suppose -w*d = -7*d. Suppose d = 5*y + 21 - 146. What is the tens digit of y?
2
Let k = 12 - -86. Let a = 196 - k. What is the units digit of a?
8
What is the units digit of (184/4)/((-525)/177 + 3)?
7
Suppose 3*j + 5*z - 1665 = -0*z, j - 5*z = 575. What is the tens digit of j?
6
Let h(a) = -a**2 + 40*a - 57. Let u be h(25). Suppose 0*r = -6*r + u. What is the tens digit of r?
5
What is the tens digit of -6 - ((-6428)/9 - 38/(-171))?
0
Let k = 1401 - 115. What is the hundreds digit of k?
2
Let a(r) = -r**3 + 5*r**2 + 17*r - 17. Let k be a(7). What is the units digit of k/(-10)*-1 + 346/10?
5
Let i(r) = 199*r + 103. What is the units digit of i(3)?
0
Let n = -44 + 42. Let s(z) = 13*z**2 + z. What is the tens digit of s(n)?
5
Let p = -37 - -42. Suppose p*b + 4*t - 23 - 35 = 0, t + 3 = 0. What is the units digit of b?
4
Let p(o) = -3*o - 25. Let t be p(-9). Suppose t*n = 3*i - 563, 5*i + 3*n = 3*i + 371. What is the tens digit of i?
8
Let y(c) = -21*c**3 + c**2 + c. Let j be y(-1). Let r be (-16)/(-6) + (-1)/(-3). Suppose -r*x - x + j = -f, 3*f = 9. What is the units digit of x?
6
Let u(c) = c**2 - 13*c - 31. Let l be u(-4). Let y = l + -9. What is the tens digit of y?
2
Suppose -4*r - 20 = -3*m, -16 = -5*m + 5*r + 14. Suppose -2*d - 2*i + m*i = 8, -4*d = -3*i + 11. What is the units digit of d + 0 + -1 + 28?
8
Let r = 2996 - 2026. Suppose 2*f = -5*h - 0*f + 1201, -4*h + r = -3*f. What is the tens digit of h?
4
Let v = -57 + 67. What is the units digit of 28/v + 1/5?
3
Suppose 1 = -6*f + 13. Suppose 2*h - 16 = -f*z, 0*h + 2*h = -z + 19. Let d(j) = -j**3 + 11*j**2 + 4*j + 9. What is the units digit of d(h)?
3
Let f = -11 + 9. Let h be ((-12)/(-8))/(f/4). What is the units digit of 4/(h - (-2 - 3))?
2
Suppose 0 = 4*x - 4*p - 1300 - 668, -p = 2*x - 969. What is the tens digit of x?
8
What is the hundreds digit of (431 - 0)*(1 - 0)?
4
Suppose 7*f + p - 143 = 2*f, -4*f = -2*p - 120. What is the units digit of (f/2)/(1/14)?
3
Let f(j) = -2*j**3 + 2*j**2 - 13*j - 58. What is the hundreds digit of f(-5)?
3
Suppose 0 = -3*g + 5 + 1. Suppose -g*r = 3*r. Suppose 4*d - 3*j = 18, r = -8*d + 4*d + 5*j + 14. What is the units digit of d?
6
Suppose 0 = 86*y - 110*y + 6864. What is the units digit of y?
6
Suppose 66*n + 14826 = 127026. What is the tens digit of n?
0
Suppose p - 5*y = 9, p - 3*y - 1 = -2*y. Let a = 3 - p. Suppose -f + 2 - 3 = 0, a*x = 5*f + 41. What is the units digit of x?
9
Let j(r) = 8*r**2 + 109*r + 17. What is the units digit of j(-15)?
2
Let p = 1546 - 898. What is the tens digit of p?
4
Let f(a) = -17*a - 8. Let d be f(-2). Suppose 31*v - 530 = d*v. What is the hundreds digit of v?
1
Let c(w) = w - 8. Let h be c(-4). Let y be h/16*(0 + 20). Let g = 40 + y. What is the tens digit of g?
2
Let y(r) = 2*r - 3. Let j be y(9). Suppose 2*o + j + 5 = 0. What is the units digit of 5/o - 41/(-2)?
0
Suppose -431 = -3*t + 3*s - s, -5*t = 5*s - 685. What is the units digit of t?
1
Let c = -1207 - -1277. What is the units digit of c?
0
Let h(t) = 6*t**2 - 6*t - 4. Suppose 0 = -9*x + 4*x + z - 11, 1 = 5*x - 4*z. What is the tens digit of h(x)?
6
Let w = -138 + 69. 